6996?
9
What is the thousands digit of 2276?
2
What is the ten thousands digit of 12599?
1
What is the units digit of 952?
2
What is the thousands digit of 25071?
5
What is the units digit of 14918?
8
What is the thousands digit of 11167?
1
What is the units digit of 2024?
4
What is the ten thousands digit of 32200?
3
What is the hundreds digit of 2431?
4
What is the thousands digit of 9597?
9
What is the units digit of 3451?
1
What is the tens digit of 853?
5
What is the thousands digit of 61369?
1
What is the thousands digit of 35586?
5
What is the tens digit of 47236?
3
What is the thousands digit of 1164?
1
What is the thousands digit of 54845?
4
What is the tens digit of 11821?
2
What is the hundreds digit of 835?
8
What is the tens digit of 215?
1
What is the units digit of 564?
4
What is the hundreds digit of 3997?
9
What is the units digit of 4187?
7
What is the hundred thousands digit of 172672?
1
What is the units digit of 6584?
4
What is the units digit of 69749?
9
What is the tens digit of 636?
3
What is the hundreds digit of 672?
6
What is the tens digit of 180184?
8
What is the tens digit of 1884?
8
What is the hundreds digit of 701?
7
What is the units digit of 15207?
7
What is the hundreds digit of 3666?
6
What is the ten thousands digit of 14011?
1
What is the units digit of 996?
6
What is the tens digit of 3307?
0
What is the units digit of 1803?
3
What is the units digit of 11540?
0
What is the tens digit of 11952?
5
What is the thousands digit of 2982?
2
What is the tens digit of 3021?
2
What is the ten thousands digit of 116309?
1
What is the hundreds digit of 616?
6
What is the units digit of 22710?
0
What is the tens digit of 2074?
7
What is the thousands digit of 41266?
1
What is the ten thousands digit of 121785?
2
What is the hundreds digit of 17072?
0
What is the hundreds digit of 194?
1
What is the thousands digit of 5900?
5
What is the hundreds digit of 14613?
6
What is the thousands digit of 7966?
7
What is the hundreds digit of 877?
8
What is the tens digit of 102103?
0
What is the hundreds digit of 7876?
8
What is the hundred thousands digit of 185220?
1
What is the tens digit of 28252?
5
What is the units digit of 28?
8
What is the tens digit of 536?
3
What is the thousands digit of 3460?
3
What is the thousands digit of 32861?
2
What is the units digit of 67?
7
What is the thousands digit of 2271?
2
What is the hundreds digit of 44837?
8
What is the thousands digit of 2145?
2
What is the tens digit of 1548?
4
What is the units digit of 1502?
2
What is the thousands digit of 33171?
3
What is the hundreds digit of 2166?
1
What is the units digit of 4?
4
What is the units digit of 37918?
8
What is the thousands digit of 51080?
1
What is the units digit of 58?
8
What is the ten thousands digit of 10978?
1
What is the tens digit of 1873?
7
What is the hundreds digit of 5592?
5
What is the hundreds digit of 10408?
4
What is the thousands digit of 10588?
0
What is the units digit of 51900?
0
What is the ten thousands digit of 13359?
1
What is the thousands digit of 1755?
1
What is the thousands digit of 9159?
9
What is the hundreds digit of 40443?
4
What is the hundred thousands digit of 104279?
1
What is the units digit of 1647?
7
What is the hundreds digit of 7210?
2
What is the hundreds digit of 412?
4
What is the tens digit of 20865?
6
What is the ten thousands digit of 98068?
9
What is the tens digit of 2754?
5
What is the hundreds digit of 1013?
0
What is the tens digit of 2125?
2
What is the units digit of 1758?
8
What is the units digit of 25092?
2
What is the ten thousands digit of 72819?
7
What is the units digit of 864?
4
What is the tens digit of 7054?
5
What is the units digit of 613?
3
What is the tens digit of 698?
9
What is the hundreds digit of 3053?
0
What is the hundreds digit of 106?
1
What is the thousands digit of 2870?
2
What is the thousands digit of 7133?
7
What is the tens digit of 1860?
6
What is the units digit of 1155?
5
What is the ten thousands digit of 10673?
1
What is the tens digit of 20130?
3
What is the tens digit of 1152?
5
What is the thousands digit of 103298?
3
What is the thousands digit of 70477?
0
What is the tens digit of 56998?
9
What is the units digit of 9697?
7
What is the hundreds digit of 246?
2
What is the ten thousands digit of 65485?
6
What is the hundreds digit of 17258?
2
What is the tens digit of 5776?
7
What is the units digit of 151773?
3
What is the thousands digit of 12504?
2
What is the units digit of 125076?
6
What is the units digit of 1489?
9
What is the thousands digit of 4304?
4
What is the hundreds digit of 71364?
3
What is the units digit of 7938?
8
What is the units digit of 22269?
9
What is the thousands digit of 2496?
2
What is the hundreds digit of 19030?
0
What is the thousands digit of 3609?
3
What is the tens digit of 4093?
9
What is the tens digit of 1147?
4
What is the thousands digit of 1942?
1
What is the hundreds digit of 3526?
5
What is the units digit of 624?
4
What is the tens digit of 819?
1
What is the units digit of 99577?
7
What is the hundreds digit of 2678?
6
What is the tens digit of 1851?
5
What is the hundreds digit of 19993?
9
What is the hundreds digit of 168?
1
What is the tens digit of 9328?
2
What is the hundreds digit of 5228?
2
What is the hundreds digit of 158563?
5
What is the units digit of 442?
2
What is the units digit of 3457?
7
What is the tens digit of 698?
9
What is the tens digit of 22836?
3
What is the hundreds digit of 350?
3
What is the tens digit of 8148?
4
What is the units digit of 17101?
1
What is the tens digit of 7935?
3
What is the hundreds digit of 30862?
8
What is the units digit of 2920?
0
What is the thousands digit of 5125?
5
What is the thousands digit of 8706?
8
What is the hundreds digit of 540?
5
What is the units digit of 883?
3
What is the hundreds digit of 1232?
2
What is the hundreds digit of 192?
1
What is the tens digit of 3029?
2
What is the thousands digit of 6810?
6
What is the units digit of 334?
4
What is the thousands digit of 1752?
1
What is the tens digit of 54376?
7
What is the units digit of 1425?
5
What is the hundreds digit of 16392?
3
What is the units digit of 1075?
5
What is the units digit of 583?
3
What is the units digit of 2930?
0
What is the ten thousands digit of 70930?
7
What is the hundreds digit of 2604?
6
What is the thousands digit of 2793?
2
What is the units digit of 5722?
2
What is the tens digit of 1382?
8
What is the thousands digit of 11210?
1
What is the units digit of 333?
3
What is the hundreds digit of 6314?
3
What is the tens digit of 61493?
9
What is the hundreds digit of 1323?
3
What is the thousands digit of 7634?
7
What is the hundreds digit of 11501?
5
What is the tens digit of 137522?
2
What is the thousands digit of 63463?
3
What is the units digit of 1092?
2
What is the units digit of 49802?
2
What is the hundreds digit of 4227?
2
What is the units digit of 1861?
1
What is the hundreds digit of 24354?
3
What is the thousands digit of 8653?
8
What is the units digit of 1964?
4
What is the hundreds digit of 1893?
8
What is the ten thousands digit of 71720?
7
What is the tens digit of 50239?
3
What is the hundreds digit of 2285?
2
What is the hundreds digit of 10562?
5
What is the hundreds digit of 2127?
1
What is the tens digit of 14050?
5
What is the ten thousands digit of 159377?
5
What is the units digit of 1395?
5
What is the thousands digit of 5013?
5
What is the units digit of 10824?
4
What is the tens digit of 4186?
8
What is the thousands digit of 4985?
4
What is the thousands digit of 106609?
6
What is the units digit of 442?
2
What is the ten thousands digit of 51441?
5
What is the hundreds digit of 17281?
2
What is the tens digit of 3269?
6
What is the hundreds digit of 35697?
6
What is the thousands digit of 26905?
6
What is the thousands digit of 17784?
7
What is the tens digit of 98930?
3
What is the tens digit of 985?
8
What is the ten thousands digit of 66680?
6
What is the tens digit of 2298?
9
What is the units digit of 42637?
7
What is the units digit of 2963?
3
What is the thousands digit of 28345?
8
What is the thousands digit of 13418?
3
What is the ten thousands digit of 14433?
1
What is the hundreds digit of 62273?